{"id":1067,"date":"2021-04-15T13:33:07","date_gmt":"2021-04-15T13:33:07","guid":{"rendered":"http:\/\/www.bgess.de\/?page_id=1067"},"modified":"2021-08-07T10:12:58","modified_gmt":"2021-08-07T10:12:58","slug":"information-for-teaching-assistants","status":"publish","type":"page","link":"https:\/\/www.bgess.de\/index.php\/teaching\/information-for-teaching-assistants\/","title":{"rendered":"Information for Teaching Assistants"},"content":{"rendered":"\n<p><strong>Course: Analysis <\/strong>1<\/p>\n\n\n\n<p><em>\u00dcbungen:<\/em><\/p>\n\n\n\n<ul class=\"wp-block-list\"><li>Rechenaufgaben (insb. f\u00fcr Lehramt, Physik etc.) auf Zetteln<\/li><li>* Aufgabe, fordernd f\u00fcr die Hochmotivierten (zB. aufbauend auf Analysis 1 Bonn, Franke)<\/li><\/ul>\n","protected":false},"excerpt":{"rendered":"<p>Course: Analysis 1 \u00dcbungen: Rechenaufgaben (insb. f\u00fcr Lehramt, Physik etc.) auf Zetteln * Aufgabe, fordernd f\u00fcr die Hochmotivierten (zB. aufbauend auf Analysis 1 Bonn, Franke)<\/p>\n","protected":false},"author":1,"featured_media":0,"parent":307,"menu_order":0,"comment_status":"closed","ping_status":"closed","template":"","meta":{"footnotes":""},"class_list":["post-1067","page","type-page","status-publish","hentry"],"_links":{"self":[{"href":"https:\/\/www.bgess.de\/index.php\/wp-json\/wp\/v2\/pages\/1067","targetHints":{"allow":["GET"]}}],"collection":[{"href":"https:\/\/www.bgess.de\/index.php\/wp-json\/wp\/v2\/pages"}],"about":[{"href":"https:\/\/www.bgess.de\/index.php\/wp-json\/wp\/v2\/types\/page"}],"author":[{"embeddable":true,"href":"https:\/\/www.bgess.de\/index.php\/wp-json\/wp\/v2\/users\/1"}],"replies":[{"embeddable":true,"href":"https:\/\/www.bgess.de\/index.php\/wp-json\/wp\/v2\/comments?post=1067"}],"version-history":[{"count":4,"href":"https:\/\/www.bgess.de\/index.php\/wp-json\/wp\/v2\/pages\/1067\/revisions"}],"predecessor-version":[{"id":1071,"href":"https:\/\/www.bgess.de\/index.php\/wp-json\/wp\/v2\/pages\/1067\/revisions\/1071"}],"up":[{"embeddable":true,"href":"https:\/\/www.bgess.de\/index.php\/wp-json\/wp\/v2\/pages\/307"}],"wp:attachment":[{"href":"https:\/\/www.bgess.de\/index.php\/wp-json\/wp\/v2\/media?parent=1067"}],"curies":[{"name":"wp","href":"https:\/\/api.w.org\/{rel}","templated":true}]}}